 the remainder when b(-10) is divided by 2 + 0/(0 - -1).
0
Let x(c) be the first derivative of 9*c + 1 + 1/2*c**2. Calculate the remainder when 13 is divided by x(0).
4
Let y = 13 + 67. Suppose 5*k + 3*p = 124, -2*k + p + y = k. Let c = 8 - -6. What is the remainder when k is divided by c?
12
Let s = -30 - -46. Suppose 2*p + 4*m - s = -0, m + 6 = 2*p. What is the remainder when (-2)/4*2*-9 is divided by p?
1
Calculate the remainder when (-2)/(-16) - 647/(-8) is divided by (205/(-20))/((-1)/4).
40
Suppose 0 = -3*g + m + 23, 5*g - 29 - 10 = m. Calculate the remainder when (-8)/(88/(-275)) - -4 is divided by g.
5
Suppose 74*h = 70*h. Suppose 3*o - 3*g - 51 = h, 8*o - 5*o + 2*g = 61. Calculate the remainder when (-113)/(-3) - 4/6 is divided by o.
18
Let g be 70/(-105)*(-5 + (0 - 1)). Suppose 3*c + 5*y - 10 = 34, 0 = -2*y - g. Calculate the remainder when 86 is divided by c.
14
Let n = -42 + 99. Let y = n - 37. Suppose -5*a - 3*u + 2*u = -73, -5*u = 2*a - y. Calculate the remainder when 58 is divided by a.
13
Let m = -122 + 181. Suppose 2 = 2*p - 2. Suppose -4*o - m = -3*w, -6 = p*o + 4. What is the remainder when 37 is divided by w?
11
Calculate the remainder when 76 is divided by -18 + (-488)/(-6) - (-2)/3.
12
Suppose 20 + 20 = 2*u. Suppose -3*s + 5*z + 329 = 0, 0 = 2*s - 3*z + 56 - 277. Calculate the remainder when s is divided by u.
18
Let k(w) = -w**2 - 35*w - 1. What is the remainder when k(-9) is divided by 26?
25
Suppose 3023*i - 2784 = 3011*i. Calculate the remainder when i is divided by 225.
7
Let o(d) = d**3 + 15*d**2 - 6*d - 71. What is the remainder when o(-15) is divided by 7?
5
Calculate the remainder when 37 is divided by (52/(-20))/(0 - (-5)/(-25)).
11
Let n(b) = -2*b**2 - 5*b + 6. Let h be n(-5). Let g = h - -25. Let t(y) = 2*y**2 + 7*y + 5. What is the remainder when t(-4) is divided by g?
3
Suppose -8 = -4*r + 4*m, 3*r + 0 = -5*m - 2. Calculate the remainder when 35 is divided by 1/(r - (-55)/(-60)).
11
Suppose 50*o = 2131 + 1419. What is the remainder when 206 is divided by o?
64
Suppose -150 = -b - 3*b - s, -31 = -b + 3*s. Suppose -h + 16 = h. Suppose h*p - 40 - 64 = 0. Calculate the remainder when b is divided by p.
11
Suppose y - 2*y + 4*n + 32 = 0, -3*n = 5*y - 160. Suppose -7*o + 583 = -208. Suppose 5*l - 418 = -o. What is the remainder when l is divided by y?
29
Let b(u) = 6*u**2 + 19*u - 36. What is the remainder when 51 is divided by b(2)?
25
Let y = 57 - 32. What is the remainder when 1145 is divided by y?
20
Suppose 3*a - 111 = -42. Suppose 47 + 1 = 6*p. What is the remainder when a is divided by p?
7
Let a be (4/(7 - 3))/1. Let t be ((-4)/4)/(a/4). What is the remainder when (-6)/(-12) - 90/t is divided by 8?
7
Let n be 1*-2 + (7 - 5). Suppose 5*r - 10 = -5*m, n*r - 2*r = m. Suppose 0 = 4*h - 12, -m*w + 16 = -5*h - 285. What is the remainder when w is divided by 16?
15
Let m(v) = -6*v**3 - 3. What is the remainder when 77 is divided by m(-2)?
32
Let v(y) = -20*y + 921. Calculate the remainder when 98 is divided by v(45).
14
Let d = 1319 + -1237. Calculate the remainder when 231 is divided by d.
67
Let s(b) = -b**3 - 10*b**2 + 11*b + 27. Suppose -32 = -4*n - 76. What is the remainder when 133 is divided by s(n)?
25
Suppose -a = 7 - 22. Let u = a - 11. Suppose -u*d + 8 = 0, 43 + 46 = 5*r - 3*d. What is the remainder when r is divided by 11?
8
Suppose 0 = 4*m + 35 - 63. Suppose -2*n + 0*h + 2*h = -14, 9 = 2*n + 3*h. Calculate the remainder when m is divided by n.
1
Let i = 31 - 20. Suppose 4*l - 93 = i. Let g = -11 + l. What is the remainder when 28 is divided by g?
13
Let u(p) = p**3 - 5*p**2 + 9*p - 1. Let x be u(3). Let g = 25 - x. Calculate the remainder when 63 is divided by g.
12
Let f be (-352)/(-14) - (-1)/(-28)*4. Let j = 49 + f. Calculate the remainder when j is divided by 21.
11
Let u be ((-45)/20)/(1/(-8)). Suppose 6*w = 4*w + u. Suppose 0 = -2*y + w + 5. What is the remainder when 25 is divided by y?
4
Suppose 3*u = 3*m + 33, -m + 35 = 4*u - 2*m. What is the remainder when 224 is divided by u?
0
Let j(p) = 2*p**2 - 3*p + 4. Suppose 4*q - 28 = -2*d, -4*d + 3*d = 4*q - 24. Let s be j(d). Let v = -12 + s. Calculate the remainder when 35 is divided by v.
11
Suppose -10*b + 33 = -117. Calculate the remainder when b is divided by 3.
0
Let u(x) = x**2 - 1. Let n be u(-1). Suppose 2*f + 55 - 137 = n. Calculate the remainder when 160 is divided by f.
37
Let n = -21 - -31. Calculate the remainder when 787 is divided by n.
7
Suppose -5*t + 5 = 0, 0*u + u = t + 88. Let h(x) = 20*x**2 - 3*x + 1. Calculate the remainder when u is divided by h(1).
17
Let s(i) = -3*i - 37. Let a(h) = -h - 1. Let x(j) = -6*a(j) + s(j). What is the remainder when x(14) is divided by 2?
1
Let w(p) = -2*p**3 - p**2 - 3. Let u(a) = -a**3 - 5*a**2 - 2*a + 5. Let l be u(-4). Let f be 2/(l/(-9) - 1). What is the remainder when w(f) is divided by 11?
9
Let k = -204 + 211. Calculate the remainder when 88 is divided by k.
4
Suppose 3*o - 127 = -43. Let p(h) = -67*h + 276. Calculate the remainder when o is divided by p(4).
4
Suppose -9120 = 32*x - 92*x. What is the remainder when x is divided by 77?
75
Let h = 64 + -54. Suppose g = 3*j + 37, -4*g - 2*j = -j - 109. Calculate the remainder when g is divided by h.
8
Calculate the remainder when 74 is divided by 6240/840*2/(8/14).
22
What is the remainder when 7/(-14)*(-124)/(3 - 1) is divided by 20?
11
Let m be (30*(-3)/(-6))/(-1 + 2). Suppose -6*h + 125 = -h. Calculate the remainder when h is divided by 108/m - (-1)/(-5).
4
Let n = -355 + 362. What is the remainder when 153 is divided by n?
6
Calculate the remainder when (-13 - (5 + -11))*(-1 - 10) is divided by 39.
38
Let g(y) = -2*y**2 - 8*y - 2. Let b be g(-3). Suppose -4*d - 439 = -b*i - 163, -i + 72 = -2*d. What is the remainder when i is divided by 17?
15
Let w(f) = 35*f**2. What is the remainder when 74 is divided by w(-1)?
4
Let n = 798 - 722. What is the remainder when n is divided by 52?
24
Let k = 90 + -77. Suppose h + 980 = 6*h. Suppose 0 = j - 5*j + h. Calculate the remainder when j is divided by k.
10
Let v = -15 - -34. Suppose -v - 41 = -12*f. What is the remainder when 8 is divided by f?
3
Let w be 9/((-27)/4)*-3. Suppose -w*x + 3 = -x. What is the remainder when 3 is divided by x?
0
Let d = -107 + 128. Suppose 0 = 4*f - 2*f - 8. Suppose f*u - 22 = 22. Calculate the remainder when d is divided by u.
10
Suppose -m + 14 = -2*q, 5*m + 0*q = -q + 15. Suppose 3*t - 114 = -n, -2*t + 3*n = 8*n - 63. Calculate the remainder when t is divided by (-40)/3*(-6)/m.
19
Suppose 204 = 5*s + 5*d - 86, -2*d = 6. Let u = -742 + 763. Calculate the remainder when s is divided by u.
19
Calculate the remainder when 60 is divided by (-6)/16 + ((-9630)/48)/(-15).
8
Let b(v) = -3*v**2 + 45*v - 21. What is the remainder when b(14) is divided by 7?
0
Let v(c) = 13*c**2 + c + 1. Let s be v(4). Let h = s + -107. Suppose 5*l - 3*l = h. Calculate the remainder when l is divided by 18.
17
Let q(u) = -u + 15. What is the remainder when (44/(-6))/(6/(-63)) is divided by q(-12)?
23
Let k(b) = 2*b**2 + 9*b - 28. What is the remainder when 64 is divided by k(3)?
13
Let d(a) = a**3 - 9*a**2 - 26*a + 9. Let k be d(11). What is the remainder when ((-3)/(-1))/(-3)*-76 is divided by (1 - (-135)/k)*-7?
16
Suppose 191*k - 192*k - c = -213, 2*k = -c + 429. What is the remainder when k is divided by 10?
6
Suppose -10*s + 5*s - 15 = -3*u, -4*s + 4*u = 4. Calculate the remainder when 82 is divided by 24 - (-4)/(-2) - (-6)/s.
19
Let q = -1243 - -1569. Calculate the remainder when q is divided by 96.
38
Let r(a) = 3*a - 8. Let l be r(4). Suppose -178 + 62 = -l*f. Calculate the remainder when (41 + -31)*1/((-10)/(-114)) is divided by f.
27
Let d(b) = -b**2 + 14*b - 16. Let n be d(10). Suppose 31 = n*q - 23*q. Calculate the remainder when q is divided by 9.
4
Suppose 0 = -2*z + 5*s + 245, 0 = -5*z + 5*s - 241 + 816. Suppose 2 = 7*r - z. What is the remainder when 29 is divided by r?
13
Let i = 26 + -16. Suppose -14*w = -i*w - 140. What is the remainder when 69 is divided by w?
34
Suppose 2*s + 5*i + 14 = i, -i + 1 = 2*s. Calculate the remainder when 9 is divided by s.
0
Let h(s) = s**3 - 10*s**2 + 4*s - 9. Suppose -13 = a - 4*y, 0 = -3*a - y + 5*y - 7. Let o = a - -14. What is the rem